3
Let m be (-8)/20 + (-58)/5. Let v be m/66 - 79/(-11). Let y(d) = 3 + 3 - v - 3*d. What is y(1)?
-4
Let f(g) be the third derivative of g**5/60 - g**3/3 + 3*g**2. Let a(o) = -o**3 - 8*o**2 + o + 8. Let q be a(-8). Suppose q = l + 4*l + 15. What is f(l)?
7
Let v(h) = -3*h**2 + 3*h**2 - 3*h**2 + 2*h**2 + 2. Suppose 0 = -5*b - 0*b - 80. Let c be 1/(-4) - (-44)/b. Give v(c).
-7
Let f = 14 + -20. Let u = 0 - f. Let m(c) = -c**3 + 0*c**3 - u*c**2 - 4*c + 1 - 6. Determine m(-5).
-10
Let j(k) = k**3 - 13*k**2 + 23*k - 6. Let u be j(11). Let o(t) = -4*t - 3 + 9*t - 2*t**2 + t**2. Determine o(u).
-3
Let s(p) = -p - 4. Let m(c) = 3 - c**2 - 2*c + 7*c - 4. Let d be m(3). Determine s(d).
-9
Suppose v + 50 = 3*t, -4*v = 3*t + v - 38. Suppose 6*j - 2*j = 4*z + t, -23 = -5*j + 2*z. Let a(i) = -4*i**3 + 4 + 2 + j*i**3 - i. Give a(0).
6
Let k(c) = -2*c - 3*c - c - 8*c - 1. Give k(1).
-15
Let n(a) = -a - a**2 + 6 - 3 + 4*a. Suppose 0 = -5*f - s + 22, -4*s = 3*f - 12 - 8. Calculate n(f).
-1
Let a(w) be the first derivative of 0*w + 1/2*w**2 - 3. Give a(-2).
-2
Let o(d) = d - 10. Let h(t) = -2*t - 5. Let x be h(-6). Let y be o(x). Let z(l) = l**2 + 3*l - 1. Calculate z(y).
-1
Let t(k) = 10*k**3 - 2*k**2 + k. Let a be 18/12 - (-2)/(-4). What is t(a)?
9
Let x = 3 + -1. Suppose 3 + 7 = x*b. Let z(c) = -11*c**3 - 12*c**2 + 8*c - 4. Let n(s) = -5*s**3 - 6*s**2 + 4*s - 2. Let a(u) = -13*n(u) + 6*z(u). What is a(b)?
7
Let f(v) = -5 + 2 + v**2 - 1 + 2*v. Let y(a) = -4*a - 2. Let l(o) = o**2 - o + 1. Let h(p) = l(p) + y(p). Let w be h(4). Determine f(w).
11
Let w(n) = 4*n - 4. Let q(s) = -s**2 + 7*s + 3. Suppose 0*c + c - 7 = 0. Let m be q(c). Give w(m).
8
Let j(b) = -b**3 - 5*b**2 - 2*b + 2. Suppose -3 = -2*y - 15. Let g(q) = q**2 + 8*q + 8. Let t be g(y). Determine j(t).
-6
Let d(t) = 10*t + 4. Let u be d(5). Suppose -5*i = u - 9. Let o = -13 - i. Let z(j) = -j**2 - 4*j - 3. Give z(o).
-3
Let b(m) = 15*m**3 + m**2 - m + 1. Let z(r) = 2*r - 3. Let l be z(2). Calculate b(l).
16
Let s = 6 - 9. Let c(p) = -p**2 - 2*p - 2. Determine c(s).
-5
Suppose b + 4*m = 15, 3*b - 2*m = 3 - 0. Let j(g) = b - g - 9 - 3. Determine j(-6).
-3
Let c = 10 + -6. Suppose -2*y - y = 5*z - 10, -4 = -2*z + c*y. Let i(p) = -p. Let a(f) = -2*f - 2. Let k(g) = -a(g) + 3*i(g). What is k(z)?
0
Suppose -191 = 4*v - 0*v - 5*f, -2*v = 4*f + 102. Let l be 2/(-7) + 280/v. Let d(g) = g**2 + 6*g - 4. What is d(l)?
-4
Let g(l) = l**3 - l. Let n = 5 - 7. Determine g(n).
-6
Let p(f) be the second derivative of 1/3*f**3 - 5/2*f**2 + 4*f + 0 + 1/12*f**4. Give p(-4).
3
Let k = 1 + -3. Suppose 5*j - 12 = f, 5*f + 2*j + 2 = -2*j. Let u(i) = 2*i + 1. Let b(g) = 4*g + 3. Let s(v) = f*b(v) + 5*u(v). Calculate s(k).
-5
Let k(f) = 3*f - 2. Let g(h) = 7*h - 4. Let w(a) = 2*g(a) - 5*k(a). Let r = -262 - -267. Calculate w(r).
-3
Let n(o) = o**2 - 7*o + 6. Let l be (-72)/84*(-28)/6. Give n(l).
-6
Let s = 8 - 6. Suppose 0*w - s*w = 10. Let l(b) = b**2 + 4*b - 5. Calculate l(w).
0
Suppose 4*n = r - 6*r - 22, n = r - 1. Let s(d) = d**2 - 1. Let l be s(r). Let y(p) = p + 2. Give y(l).
5
Suppose 5*n = 21 - 6. Let j(p) = -n*p + 3 + 4*p + p**2 - 3*p. Let t(x) = -x**2 + 5*x + 3. Let b be t(5). Calculate j(b).
6
Let h be 4/6 - 104/12. Let q = -6 - h. Suppose -q*y + 15 = y. Let k(t) = t**3 - 5*t**2 - 1. Calculate k(y).
-1
Let h(f) = f**3 + 6*f**2 + 3*f - 6. Suppose 2*v + 5*q = 16, -7*v + 14 = -3*v + q. Let g(z) = -2*z**2 + 5*z - 2. Let i be g(v). What is h(i)?
4
Let d(m) = m**2. Let c(o) = -4*o**2 - 7*o + 1. Let h(x) = c(x) + 3*d(x). Let j be h(-7). Let w(l) = -10*l**2 + 2*l - 1. Calculate w(j).
-9
Let m = 1 - -4. Let n(o) = -4*o**2 - 12*o + 5. Let w(g) = -3*g**2 - 11*g + 4. Let f(z) = m*w(z) - 4*n(z). Determine f(6).
-6
Let w(i) = 7*i**2 - i - 4. Let u(q) = -6*q**2 + 3. Let t(r) = -6*u(r) - 5*w(r). Let p = -7 - -2. What is t(p)?
2
Let x be 1*1*(-4)/(-2). Let h be (0 + (-2)/(-5))*5. Let o(w) = -h*w - x*w + 0*w + 1. Give o(1).
-3
Let a(w) = 2*w + 1. Let k(t) = -t + 7. Let g be k(8). Give a(g).
-1
Let f(p) = p**2 + 3*p - 1. Let r = 1 - 1. Suppose u = 2 - r. Give f(u).
9
Let l(w) = w - 9. Let c(v) = v**3 - 5*v**2 - 4*v + 3. Let b be c(6). Suppose b = 2*x - j, 17 = 2*x + 3*j - 2*j. Give l(x).
-1
Let i(u) be the first derivative of -u**2/2 + 5*u - 6. Determine i(-6).
11
Let d(j) = 5*j**3 + 8*j**2 + 6*j - 3. Let l(w) = -14*w**3 - 24*w**2 - 18*w + 9. Let s(r) = 11*d(r) + 4*l(r). Calculate s(-7).
-4
Let z be (-8)/12 - 5/(-3). Let h = -3 + z. Let q(o) = 2*o**2 + 2*o. Give q(h).
4
Suppose -3*p - 19 = -i, -2*i = -6*p + p - 33. Let k(q) = 2 + q - 1 + 1 - i. Calculate k(-3).
-5
Let y(u) = -u + 3. Let b be y(0). Let a(n) be the first derivative of -n**4/4 + n**3/3 + 5*n**2/2 - 2*n - 3. Give a(b).
-5
Let s(u) be the first derivative of u**3/3 - 2*u**2 - 7. Determine s(2).
-4
Let p be (-2)/((-4)/16*-2). Let i(a) = a**2 + 6*a + 3. Give i(p).
-5
Let z(u) be the first derivative of u**3/3 - 3*u**2/2 + u + 6. What is z(2)?
-1
Let f(h) = -2*h + 1. Let y be f(3). Let l be y/(2*2/(-4)). Let i(a) = -a**3 + 6*a**2 - 5*a + 2. Determine i(l).
2
Let a(h) be the third derivative of -h**5/60 - h**4/24 - h**3/3 - 9*h**2 + 3. Calculate a(-4).
-14
Let m = -5 - -7. Suppose -22 = -5*y - m. Let c(k) = -2 + y*k + 0 + 0 - 2*k + k**2. Determine c(2).
6
Let p(r) = r**2 - 5*r - 3. Let s(y) be the first derivative of y**3/3 + y**2/2 + 3. Let d be s(-3). Suppose t - d = -0. What is p(t)?
3
Let m(i) = -i**2 - i - 1. Let l be m(-3). Let g(s) = -s**2 - 7*s - 7. Give g(l).
-7
Let i be 1*2 - (-2 - 2). Let n(y) = 2*y + i*y**2 - y - y**2 - 4*y**2 - 3. Calculate n(-3).
3
Suppose 34*u = 31*u + 9. Let m(y) = -2*y**2 + 2*y. Calculate m(u).
-12
Let g(r) = -3 - 3*r - 5*r**2 + 9*r**2 - 2*r**2. Determine g(3).
6
Let n(l) be the first derivative of -3*l**4/4 + l**2/2 + 8. Let i be n(1). Let a(k) = -4*k - 1. Determine a(i).
7
Let i(f) be the third derivative of -f**7/1260 - f**6/180 - f**5/60 - f**2. Let s(u) be the third derivative of i(u). Determine s(-3).
8
Let x(h) = -h**2 + 6*h + 7. Let p be x(6). Let c(v) = -5*v**2 - 15*v - 1. Let t(g) = -4*g - 3*g - 4*g**2 + 2*g**2. Let d(l) = p*t(l) - 3*c(l). Calculate d(2).
-1
Suppose 0 = -5*b + 8 + 2. Let d(y) = 2*y**2 - 2*y**3 + y**2 - 3 + 3*y - 2*y + 1. Determine d(b).
-4
Let g(o) = o**2 - 4*o + 4. Let j be 3*-3*(-2)/(-9). Let y be 0*(-1)/(j/(-2)). Suppose -p - k - 1 = y, 5 = p + 4*k + 18. Calculate g(p).
1
Let g(j) = -j**3 - 7*j**2 - j - 7. Let b be g(-7). Let k(p) be the second derivative of 2*p + b + 1/4*p**4 - 1/20*p**5 + 1/6*p**3 - 2*p**2. Determine k(3).
-1
Let q(j) be the third derivative of j**7/2520 + j**6/240 - j**5/12 - j**2. Let g(d) be the third derivative of q(d). Let x be -3 - (-1 - -2)*-1. Calculate g(x).
-1
Let m(d) = -6*d**2 + 3. Let c(b) = 7*b**2 + b - 4. Let v(s) = 5*c(s) + 6*m(s). Let g(t) = -t**3 - 6*t**2 + 6*t - 3. Let o be g(-7). What is v(o)?
2
Let x(b) = -b**2 + 3*b - 2. Let s(l) = -7*l - l**3 + l - 7*l**2 + 4 - l + l. Let h be s(-6). What is x(h)?
-6
Let j(c) = 1 + c + 4*c**2 + 2*c**2 - 2*c**2. What is j(-2)?
15
Let p(y) = y**3 - 8*y**2 + 7*y + 5. Let r be p(7). Let k(v) = -v**2 - v - 1. Let i(l) = l**3 - 10*l**2 - 6*l. Let o(w) = i(w) - 5*k(w). Give o(r).
0
Let p(u) = -u**2 - 5*u - 1. Suppose 3*f = 8*f + 65. Let m = -19 - f. Determine p(m).
-7
Let t(q) = -6*q - 3. Let v(a) = -a**2 - 2*a + 1. Let j be v(-2). Let b(o) = 2*o + o + o - j - 5*o. Let p be b(1). Give t(p).
9
Let c(g) = -13*g + 19*g + 1 - 9*g. Let t = 6 - 4. What is c(t)?
-5
Let m(p) be the third derivative of -p**6/720 - p**5/15 - p**4/6 + p**2. Let o(y) be the second derivative of m(y). Determine o(-6).
-2
Let h(p) = -p**2 - 9*p - 10. Let y be h(-7). Suppose 0 = 4*i - 5*n - 0 - 12, 4*i - 3*n = y. Let s(k) = -2*k**2 + k - 1. What is s(i)?
-11
Let b(f) = 2*f**2 + 3*f + 1. Suppose 3*k = -0*k. Let z be -3*((k - 0) + 1). Calculate b(z).
10
Let s(x) = x**2 + 2. Let p(d) = -d + 4. Let u be p(0). Let a be 2/u*4 + -4. Determine s(a).
6
Let g(c) = -c**3 - 7*c**2 + 7*c - 3. Let y = -18 - -10. Determine g(y).
5
Let g(f) be the second derivative of -f**4/12 + 4*f**3/3 - 3*f**2 - 6*f + 3. What is g(6)?
6
Let w(q) = 2*q**2 - 4*q**2 - 7*q**2 - 2 + q**3 + q + 2*q**2. Give w(7).
5
Let m(g) = 2*g - 6. Let b(r) = 17*r - 31. Let f(d) = 8*d - 15. Let v(o) = 4*b(o) - 9*f(o). Let